(-5)?
4
Let p = 75 - 6. What is the tens digit of p?
6
Suppose -2*x - 74 = -4*s + 58, -s + 55 = 5*x. Let h = s + -17. Suppose 3*m - o - h = -0*m, 2*o = 0. What is the units digit of m?
6
Let g(h) = -109 + 54 + 50 - h**2 - 7*h. Let a be -1*8/(-10)*-5. What is the units digit of g(a)?
7
Suppose 3*c - 4*c = -2*q + 5, -5*c = -q - 11. Suppose -6*h + 4*h + q = 0. Suppose 0 = -n + h*n - 7. What is the units digit of n?
7
What is the units digit of 2/(-3) + (-44)/(-3)?
4
Let y = 0 - -2. Suppose 5*r = m - 77, y*r + m + 2*m + 24 = 0. What is the tens digit of -4*1/(6/r)?
1
Suppose 0 = -0*s + 5*s - 5. Suppose 3*m + 2 = 4*m. Suppose 0 = y - m*y + s. What is the units digit of y?
1
Let d(x) = -x**2 + 6*x. Let v be d(5). Suppose 5*m - 3*w = -11, 2*w + 8 = -v*m - 18. Let r = m - -7. What is the units digit of r?
3
Suppose -4*t = 2*c - 3*t - 371, t = 4*c - 751. What is the units digit of c?
7
Let a(z) = 8*z + 2. Let l be a(1). Let k = 11 + l. What is the units digit of k?
1
Suppose 2*r + 4*w = -6, 5*r - 2*r = -3*w. Let y(t) = -12*t + 4. Let a be y(r). Let h = -15 - a. What is the tens digit of h?
1
Let y(a) = -4*a + 1. Let p(m) = m. Let t(o) = 7*p(o) + 2*y(o). What is the units digit of t(-3)?
5
Suppose 0*u + 72 = 3*u. Suppose 2*d - 2*x = u, 4*x - 35 - 34 = -5*d. Suppose d = 3*z - 2*o, -z + 2*o = 4*o + 1. What is the units digit of z?
3
Let s(o) be the third derivative of 3*o**4/8 - 3*o**3/2 - 6*o**2. What is the tens digit of s(5)?
3
Let u(l) = l + 2. Let q be u(-2). Suppose 3*n - 36 = -q*n. Suppose -44 + n = -4*k. What is the units digit of k?
8
Suppose 0*h = -5*h. Suppose -5*g = 3*c - h*c - 48, 4*c - 64 = 4*g. Let r = c + -7. What is the units digit of r?
9
Suppose 3*r + 61 + 149 = 0. Let b = -40 - r. What is the units digit of b?
0
Let p(y) = -3*y**2 + 9*y - 8. Let q(r) = -13*r**2 + 37*r - 32. Let c(j) = -9*p(j) + 2*q(j). Let h be c(7). What is the units digit of 2/h + (-55)/(-20)?
3
Let m be 6*(4/6 + 0). Suppose -4*c = v - 3*v, -m*v + 2*c = -12. Suppose 5 + 3 = v*h. What is the units digit of h?
2
What is the tens digit of (-3 + 2/2)/((-4)/454)?
2
Let u = -8 - -8. Suppose u = q - 27 - 10. Suppose 3*n = 8 + q. What is the units digit of n?
5
Let z be -3 - (-1 + 0 + -133). Suppose 0 = -4*b - 3*t + 133, -2*t + z = 3*b - 6*t. What is the tens digit of b?
3
Let x = -14 - -59. What is the tens digit of x?
4
Let q(u) = -2*u**3 + 29*u**2 + 21*u - 8. What is the tens digit of q(15)?
8
Let l be 3 + (3 - (3 - (-3)/(-3))). Let f be 8/36 - (-1102)/(-18). What is the tens digit of (-2)/6*(f + l)?
1
Let o(v) = 18*v**3 - 2*v**2 + 1. Suppose -16 = i + 5*g, g - 5 = 2*i + 2*g. Let w be o(i). Let t = w + 30. What is the tens digit of t?
1
Let d(j) = -j**2 - 10*j + 5. Let x be d(-10). Suppose -b + x*u - 5 = 0, 4 = b + 5*u + 9. Let y = -2 - b. What is the units digit of y?
3
Let u(m) = m**3 - 7*m**2 - 15*m - 21. What is the units digit of u(9)?
6
Let p be 50/(-6) + 6/(-9). What is the units digit of ((-3)/p)/((-2)/(-48))?
8
Suppose 0 = -3*j + 44 + 85. What is the tens digit of j?
4
Let n = 0 - -2. Suppose a = -a + n. Suppose -13 - a = -2*r. What is the units digit of r?
7
Suppose 0 = 3*q - 7*q. Let l = q + 45. What is the units digit of l?
5
Let l(s) = -s**2 + 7*s + 6. Let q be l(7). Suppose -15 = n - q*n. Suppose v = -n*v + 16. What is the units digit of v?
4
Let v(s) be the second derivative of 25*s**4/12 + s**3/3 - s**2/2 - 4*s. What is the tens digit of v(1)?
2
Suppose -6*p + 26 = -3*p - 4*m, m = 5*p - 66. Suppose 0 = 5*r - 3 + 13. Let i = r + p. What is the units digit of i?
2
Let t = 42 + -18. Suppose 0 = x - 4*x + t. What is the units digit of x?
8
Suppose -4*p + 8 = -2*p. Let k(r) = r + 13. Let z be k(-9). Suppose -z*t - h + 22 = -p*h, -2*t - 4*h = 0. What is the units digit of t?
4
Suppose 2*v - 3*t = 7, -v - 2 = 5*t + 1. Let c = 0 - v. What is the units digit of (0 + -2)/(c/12)?
2
Suppose -5*i = -31 - 59. Let w be 27 + (i/(-3))/2. Let u = -9 + w. What is the tens digit of u?
1
Let f(y) = -y**2 + 8*y - 9. What is the units digit of f(5)?
6
Let b(u) = 7*u**2 - 3*u + 4. What is the units digit of b(2)?
6
Suppose b - 8 = 2*g, -2*b + 16 = 2*b. Let c be (-24)/g + 2/(-1). Let k = c - 1. What is the units digit of k?
9
Let q(x) = 10*x**2 + 3*x - 1. What is the units digit of q(-3)?
0
Let d = 50 + 96. What is the tens digit of d?
4
Let j(s) = -s**3 + 3*s - 3. Let n(l) = 3*l**3 + l**2 - 1. Let a be n(-1). Let y be j(a). Let o = y - -1. What is the units digit of o?
6
Let o(f) = -f**2 + 4*f + 5. Let q be o(6). Let g(p) = p**3 + 6*p**2 - 10*p - 9. What is the tens digit of g(q)?
1
Suppose -5*n - 270 = -8*n. What is the tens digit of n?
9
Suppose 0*x = -x + 105. What is the hundreds digit of x?
1
Suppose -11 + 38 = v. What is the units digit of v?
7
Suppose g - 17 = -0*g + 3*o, 0 = -4*g + 5*o + 33. Suppose 0 = -5*m, 50 = 2*w + 3*w - g*m. What is the units digit of w/2 - 1/1?
4
Let f(q) = 4*q. What is the units digit of f(4)?
6
Let f be 18/(-15) + (-4)/(-20). What is the units digit of 4 + (-1 - (-2 + f))?
6
Let p(u) = u**3 + 14*u**2 + 7*u + 8. What is the units digit of p(-11)?
4
Let s = -14 + 84. What is the tens digit of s?
7
Let j(b) = -b**3 + b**2 + 4*b. Let x be j(3). Suppose -2*h - 2*h = -4. Let q = h - x. What is the units digit of q?
7
Let x be 5 + (-2 - 0) - -64. Suppose -5*z - 3*d = -x, 8*z - 3*z - 39 = 4*d. What is the units digit of z?
1
Let l(p) = 9*p + 12*p + 2 - 5*p. What is the units digit of l(2)?
4
Let b(f) = -28*f + 63. What is the tens digit of b(-6)?
3
Suppose 13 = y - 5*b + 2*b, -2*y + 24 = -5*b. Let o(i) = 2*i**2 - 8*i - 10. What is the units digit of o(y)?
2
Let o(z) = 152*z**2 - 2*z. What is the units digit of o(1)?
0
Let d(s) = s**3 + 13*s**2 + 17. What is the tens digit of d(-13)?
1
Let t(s) = s**3 + 10 + 8*s + 0*s**2 + 3*s**2 + 5*s**2. What is the units digit of t(-7)?
3
Let c = -23 - -49. Let m be c/4*(-3 + 5). Let z = -7 + m. What is the units digit of z?
6
What is the tens digit of 16/6*(5 - 47/(-2))?
7
Let a be 162/(-21) - 4/14. Let z(b) = b**3 + 7*b**2 + 7*b - 6. Let i be z(-6). What is the units digit of (-207)/i + 2/a?
7
Let w(f) = f**3 - 6*f**2 + 6*f + 7. Let b be w(6). Let q = b - 26. Suppose 0 = -3*v + 4*a + 37, -30 = -5*v + 3*a + q. What is the units digit of v?
7
Suppose 2*d + 16 = 4*x, 4*d + d + 4*x - 16 = 0. Suppose d = t - 5*t + 40. What is the tens digit of t?
1
Suppose 481 = 4*r + 5*l, 2 - 5 = l. What is the hundreds digit of r?
1
Suppose -3*s = s - 16. Suppose 0*u = u - 3, -s*t - 4*u = 28. What is the units digit of (-16)/(-40) + (-26)/t?
3
Suppose 3*s - 20 = -2*s. Let z = 37 + s. What is the tens digit of z?
4
Suppose k = 5*k. Let b(s) = 2 + 0*s - s**3 + 0*s. What is the units digit of b(k)?
2
Let g(j) = 8*j**2 + 2*j - 1. Let d be g(1). Let b be (1 - (-2)/(-3))*d. Suppose 5*l - 2*n - 65 = 0, -b*l - n - n + 23 = 0. What is the units digit of l?
1
Let s be (-3)/(3/18*-2). Let m(g) = 0 - 10 - 1 + 2*g. What is the units digit of m(s)?
7
Let o(p) = -p. Let z be o(-3). Suppose z*m + 5 = 8*m. Suppose 2*r - m = 1, -4*t = -4*r. What is the units digit of t?
1
What is the units digit of 0 + -1 + 13 + -5?
7
Suppose 15 - 5 = 5*h. Suppose -2 = -h*j + 32. Let x = j + -10. What is the units digit of x?
7
Let s be -99*(8/(-6) + 0). Suppose -3*g - s = -7*g. What is the tens digit of g?
3
Let h(j) = -8*j**2 - j. Let k be h(-1). What is the units digit of k/(-5) + (-6)/15?
1
Let u = -2 - -4. Suppose 2*w - 3*w = -u. What is the units digit of w?
2
Suppose 4*y + x - 21 = 3, 4*x = -2*y + 26. Suppose 3*f - 57 - 14 = 4*z, 53 = 3*f + y*z. What is the units digit of f?
1
What is the tens digit of ((-6)/8)/(-3) - 398/(-8)?
5
What is the tens digit of 6/(-15) - 477/(-5)?
9
Let b(c) = c**3 + 4*c**2 - 6*c + 7. Let d = -14 - -9. Let a be b(d). Suppose 0 = -5*p + 2*p + a. What is the units digit of p?
4
Let p(o) = 2*o**2 - 5*o + 10. What is the units digit of p(5)?
5
Suppose -21 = g - 2*g - 3*k, -4*g + 3*k + 39 = 0. Let y = -11 + g. What is the units digit of y?
1
Suppose -4*h - 4 + 48 = 0. What is the tens digit of h?
1
Let h be -2 + (9/3 - 6). Let t(j) = j**3 + 6*j**2 + 2*j - 2. Let n be t(h). Let x = 23 - n. What is the tens digit of x?
1
Let i = -5 - -3. Suppose k - 6 = 2*d, -5*k = 3*d - d + 6. What is the units digit of i/d + (-64)/(-12)?
6
Let q(u) = -2